{"version":"1.0","provider_name":"Rencontres de Calenzana","provider_url":"https:\/\/rencontresdecalenzana.fr","author_name":"Rosalie","author_url":"https:\/\/rencontresdecalenzana.fr\/index.php\/author\/rosalie\/","title":"Shuichi Okada - Rencontres de Calenzana","type":"rich","width":600,"height":338,"html":"<blockquote class=\"wp-embedded-content\" data-secret=\"CGtQDDNMHP\"><a href=\"https:\/\/rencontresdecalenzana.fr\/index.php\/portfolio_page\/shuichi-okada\/\">Shuichi Okada<\/a><\/blockquote><iframe sandbox=\"allow-scripts\" security=\"restricted\" src=\"https:\/\/rencontresdecalenzana.fr\/index.php\/portfolio_page\/shuichi-okada\/embed\/#?secret=CGtQDDNMHP\" width=\"600\" height=\"338\" title=\"\u00ab\u00a0Shuichi Okada\u00a0\u00bb &#8212; Rencontres de Calenzana\" data-secret=\"CGtQDDNMHP\" frameborder=\"0\" marginwidth=\"0\" marginheight=\"0\" scrolling=\"no\" class=\"wp-embedded-content\"><\/iframe><script type=\"text\/javascript\">\n\/* <![CDATA[ *\/\n\/*! This file is auto-generated *\/\n!function(d,l){\"use strict\";l.querySelector&&d.addEventListener&&\"undefined\"!=typeof URL&&(d.wp=d.wp||{},d.wp.receiveEmbedMessage||(d.wp.receiveEmbedMessage=function(e){var t=e.data;if((t||t.secret||t.message||t.value)&&!\/[^a-zA-Z0-9]\/.test(t.secret)){for(var s,r,n,a=l.querySelectorAll('iframe[data-secret=\"'+t.secret+'\"]'),o=l.querySelectorAll('blockquote[data-secret=\"'+t.secret+'\"]'),c=new RegExp(\"^https?:$\",\"i\"),i=0;i<o.length;i++)o[i].style.display=\"none\";for(i=0;i<a.length;i++)s=a[i],e.source===s.contentWindow&&(s.removeAttribute(\"style\"),\"height\"===t.message?(1e3<(r=parseInt(t.value,10))?r=1e3:~~r<200&&(r=200),s.height=r):\"link\"===t.message&&(r=new URL(s.getAttribute(\"src\")),n=new URL(t.value),c.test(n.protocol))&&n.host===r.host&&l.activeElement===s&&(d.top.location.href=t.value))}},d.addEventListener(\"message\",d.wp.receiveEmbedMessage,!1),l.addEventListener(\"DOMContentLoaded\",function(){for(var e,t,s=l.querySelectorAll(\"iframe.wp-embedded-content\"),r=0;r<s.length;r++)(t=(e=s[r]).getAttribute(\"data-secret\"))||(t=Math.random().toString(36).substring(2,12),e.src+=\"#?secret=\"+t,e.setAttribute(\"data-secret\",t)),e.contentWindow.postMessage({message:\"ready\",secret:t},\"*\")},!1)))}(window,document);\n\/\/# sourceURL=https:\/\/rencontresdecalenzana.fr\/wp-includes\/js\/wp-embed.min.js\n\/* ]]> *\/\n<\/script>\n","thumbnail_url":"https:\/\/rencontresdecalenzana.fr\/wp-content\/uploads\/2021\/07\/shuichi-okada-carre.png","thumbnail_width":1080,"thumbnail_height":1080,"description":"N\u00e9 en 1995 \u00e0 Bordeaux, Shuichi d\u00e9bute l'\u00e9tude du violon \u00e0 l'\u00e2ge de cinq ans et est admis au conservatoire sup\u00e9rieur de Paris \u00e0 l'unanimit\u00e9 \u00e0 l\u2019\u00e2ge de quinze ans, dans la classe de Roland Daugareil.Il est laur\u00e9at de nombreux concours internationaux qui lui donnent l'opportunit\u00e9 de jouer en soliste avec des orchestres tels que l'orchestre lyrique d'Avignon, l'orchestre de la Hochschule de Weimar, l'orchestre symphonique de Nancy, l'orchestre de chambre Nouvelle Europe, l'orchestre philharmonique de Baden-Baden, le philharmonique de Vogtland, ou encore l\u2019orchestre de Normandie.Shuichi est r\u00e9guli\u00e8rement invit\u00e9 \u00e0 des festivals comme le festival Les vacances de Mr Haydn, le festival de la Roque d'Anth\u00e9ron, les Moments musicaux de La Baule, le festival de P\u00e2ques de Deauville, le festival de Giverny, le festival Musique \u00e0 Gu\u00e9thary et le festival du Palazetto Bru Zane.Il enregistre son premier album en sonate avec le pianiste Cl\u00e9ment Lefebvre pour le label Mirare et participe \u00e0 l\u2019int\u00e9grale de la musique de chambre de Brahms, ainsi qu\u2019\u00e0 l\u2019enregistrement de l'octuor de Schubert pour le label B Records.Shuichi est membre du trio Arnold en r\u00e9sidence \u00e0 la fondation Singer-Polignac et est soutenu par la Fondation Safran ainsi que la Fondation l'Or du Rhin.Le trio Arnold est n\u00e9 de la rencontre de trois jeunes solistes, membres seniors de l'acad\u00e9mie internationale Seiji Ozawa, Shuichi Okada (violon) Manuel Vioque-Judde (alto) et Bumjun Kim (violoncelle).Laur\u00e9ats de grands concours internationaux (Primrose, Tertis, Markneukirchen, Lipizer, Osaka) ils sont r\u00e9guli\u00e8rement appel\u00e9s \u00e0 jouer sur les plus grandes sc\u00e8nes tant en France qu\u2019\u00e0 l\u2019\u00e9tranger en tant que solistes ou en musique de chambre.Grandement influenc\u00e9 par la pratique de la musique de chambre au sein de la prestigieuse acad\u00e9mie du chef Seiji Ozawa, le trio se caract\u00e9rise par la recherche constante d\u2019une sonorit\u00e9 d\u2019une grande homog\u00e9n\u00e9it\u00e9 habituellement exclusivement r\u00e9serv\u00e9e aux quatuors \u00e0 cordes."}

Né en 1995 à Bordeaux, Shuichi débute l'étude du violon à l'âge de cinq ans et est admis au conservatoire supérieur de Paris à l'unanimité à l’âge de quinze ans, dans la classe de Roland Daugareil.Il est lauréat de nombreux concours internationaux qui lui donnent l'opportunité de jouer en soliste avec des orchestres tels que l'orchestre lyrique d'Avignon, l'orchestre de la Hochschule de Weimar, l'orchestre symphonique de Nancy, l'orchestre de chambre Nouvelle Europe, l'orchestre philharmonique de Baden-Baden, le philharmonique de Vogtland, ou encore l’orchestre de Normandie.Shuichi est régulièrement invité à des festivals comme le festival Les vacances de Mr Haydn, le festival de la Roque d'Anthéron, les Moments musicaux de La Baule, le festival de Pâques de Deauville, le festival de Giverny, le festival Musique à Guéthary et le festival du Palazetto Bru Zane.Il enregistre son premier album en sonate avec le pianiste Clément Lefebvre pour le label Mirare et participe à l’intégrale de la musique de chambre de Brahms, ainsi qu’à l’enregistrement de l'octuor de Schubert pour le label B Records.Shuichi est membre du trio Arnold en résidence à la fondation Singer-Polignac et est soutenu par la Fondation Safran ainsi que la Fondation l'Or du Rhin.Le trio Arnold est né de la rencontre de trois jeunes solistes, membres seniors de l'académie internationale Seiji Ozawa, Shuichi Okada (violon) Manuel Vioque-Judde (alto) et Bumjun Kim (violoncelle).Lauréats de grands concours internationaux (Primrose, Tertis, Markneukirchen, Lipizer, Osaka) ils sont régulièrement appelés à jouer sur les plus grandes scènes tant en France qu’à l’étranger en tant que solistes ou en musique de chambre.Grandement influencé par la pratique de la musique de chambre au sein de la prestigieuse académie du chef Seiji Ozawa, le trio se caractérise par la recherche constante d’une sonorité d’une grande homogénéité habituellement exclusivement réservée aux quatuors à cordes.
